5529 is divided by 814.
63
Calculate the remainder when 103595 is divided by 388.
387
Calculate the remainder when 1479 is divided by 184.
7
What is the remainder when 354739 is divided by 206?
7
Calculate the remainder when 5148 is divided by 1088.
796
Calculate the remainder when 371502 is divided by 143.
131
What is the remainder when 770 is divided by 33?
11
Calculate the remainder when 23029 is divided by 32.
21
What is the remainder when 1857464 is divided by 222?
212
What is the remainder when 3298 is divided by 53?
12
Calculate the remainder when 2056 is divided by 216.
112
Calculate the remainder when 6502 is divided by 32.
6
What is the remainder when 1272 is divided by 424?
0
Calculate the remainder when 688 is divided by 629.
59
Calculate the remainder when 6082 is divided by 159.
40
Calculate the remainder when 9273 is divided by 479.
172
Calculate the remainder when 4976 is divided by 237.
236
What is the remainder when 687763 is divided by 65?
63
Calculate the remainder when 23627 is divided by 58.
21
What is the remainder when 3215 is divided by 395?
55
Calculate the remainder when 2301 is divided by 557.
73
What is the remainder when 28201 is divided by 3525?
1
What is the remainder when 38941 is divided by 1692?
25
Calculate the remainder when 91340 is divided by 28.
4
What is the remainder when 705 is divided by 70?
5
Calculate the remainder when 1824 is divided by 605.
9
What is the remainder when 9200 is divided by 802?
378
What is the remainder when 79103 is divided by 953?
4
Calculate the remainder when 22048 is divided by 882.
880
What is the remainder when 2018 is divided by 677?
664
Calculate the remainder when 687419 is divided by 1266.
1247
What is the remainder when 2085 is divided by 1879?
206
What is the remainder when 4715 is divided by 615?
410
What is the remainder when 48142 is divided by 6016?
14
Calculate the remainder when 691 is divided by 558.
133
Calculate the remainder when 9203 is divided by 39.
38
Calculate the remainder when 4523 is divided by 87.
86
Calculate the remainder when 4294 is divided by 155.
109
Calculate the remainder when 196589 is divided by 65516.
41
What is the remainder when 4768 is divided by 151?
87
Calculate the remainder when 16320 is divided by 106.
102
Calculate the remainder when 136411 is divided by 21.
16
Calculate the remainder when 6596728 is divided by 518.
516
What is the remainder when 35001 is divided by 929?
628
Calculate the remainder when 29078 is divided by 7268.
6
Calculate the remainder when 348 is divided by 332.
16
Calculate the remainder when 6106 is divided by 470.
466
What is the remainder when 77715 is divided by 11100?
15
Calculate the remainder when 46933 is divided by 15642.
7
Calculate the remainder when 23656 is divided by 70.
66
What is the remainder when 10319 is divided by 356?
351
Calculate the remainder when 144778 is divided by 28955.
3
What is the remainder when 25991 is divided by 161?
70
What is the remainder when 1860185 is divided by 49?
47
What is the remainder when 88906 is divided by 372?
370
Calculate the remainder when 3138 is divided by 90.
78
Calculate the remainder when 1619 is divided by 891.
728
What is the remainder when 27608 is divided by 574?
56
What is the remainder when 660112 is divided by 478?
472
What is the remainder when 101513 is divided by 247?
243
Calculate the remainder when 5066 is divided by 390.
386
Calculate the remainder when 226 is divided by 118.
108
What is the remainder when 5202716 is divided by 48?
44
What is the remainder when 14407 is divided by 119?
8
Calculate the remainder when 279 is divided by 144.
135
Calculate the remainder when 11248 is divided by 93.
88
What is the remainder when 65754 is divided by 7?
3
Calculate the remainder when 101097 is divided by 79.
56
Calculate the remainder when 496 is divided by 313.
183
Calculate the remainder when 371 is divided by 191.
180
What is the remainder when 5411 is divided by 5311?
100
What is the remainder when 180431 is divided by 309?
284
Calculate the remainder when 274 is divided by 44.
10
Calculate the remainder when 54304 is divided by 232.
16
Calculate the remainder when 861030 is divided by 43.
41
What is the remainder when 10764 is divided by 321?
171
What is the remainder when 212302 is divided by 48?
46
Calculate the remainder when 7490 is divided by 6586.
904
Calculate the remainder when 28454 is divided by 74.
38
Calculate the remainder when 13250 is divided by 54.
20
Calculate the remainder when 3203 is divided by 447.
74
What is the remainder when 903167 is divided by 672?
671
Calculate the remainder when 3847 is divided by 238.
39
What is the remainder when 38393 is divided by 1919?
13
Calculate the remainder when 753 is divided by 512.
241
Calculate the remainder when 45218 is divided by 45113.
105
Calculate the remainder when 27650 is divided by 120.
50
Calculate the remainder when 9931 is divided by 229.
84
What is the remainder when 37962 is divided by 107?
84
What is the remainder when 3285 is divided by 1588?
109
Calculate the remainder when 1748 is divided by 860.
28
Calculate the remainder when 70495 is divided by 5.
0
Calculate the remainder when 1088 is divided by 792.
296
What is the remainder when 3561918 is divided by 9?
6
What is the remainder when 260770 is divided by 12?
10
Calculate the remainder when 83157 is divided by 462.
459
Calculate the remainder when 5284 is divided by 94.
20
Calculate the remainder when 858478 is divided by 436.
430
Calculate the remainder when 18280 is divided by 101.
100
Calculate the remainder when 72537 is divided by 161.
87
What is the remainder when 521 is divided by 105?
101
What is the remainder when 5300 is divided by 56?
36
What is the remainder when 7941 is divided by 497?
486
What is the remainder when 1542815 is divided by 176?
175
Calculate the remainder when 121868 is divided by 14.
12
What is the remainder when 630232 is divided by 22?
20
What is the remainder when 185 is divided by 35?
10
What is the remainder when 283954 is divided by 1279?
16
Calculate the remainder when 4343 is divided by 28.
3
What is the remainder when 4620 is divided by 1501?
117
What is the remainder when 122900 is divided by 213?
212
What is the remainder when 208112 is divided by 178?
30
What is the remainder when 702 is divided by 254?
194
What is the remainder when 329458 is divided by 204?
202
What is the remainder when 6663 is divided by 2219?
6
What is the remainder when 270813 is divided by 373?
15
Calculate the remainder when 843145 is divided by 350.
345
Calculate the remainder when 11014 is divided by 1220.
34
What is the remainder when 227051 is divided by 204?
203
What is the remainder when 13746 is divided by 1696?
178
Calculate the remainder when 3636649 is divided by 181.
178
Calculate the remainder when 247203 is divided by 590.
583
Calculate the remainder when 42940 is divided by 580.
20
What is the remainder when 3821 is divided by 1272?
5
What is the remainder when 5013 is divided by 619?
61
What is the remainder when 158448 is divided by 68?
8
What is the remainder when 6513 is divided by 487?
182
Calculate the remainder when 6161 is divided by 143.
12
Calculate the remainder when 7219 is divided by 1569.
943
Calculate the remainder when 51512 is divided by 228.
212
Calculate the remainder when 14367 is divided by 92.
15
Calculate the remainder when 107226 is divided by 1358.
1302
What is the remainder when 21776 is divided by 8?
0
What is the remainder when 588176 is divided by 29?
27
Calculate the remainder when 542 is divided by 22.
14
What is the remainder when 72770 is divided by 208?
178
What is the remainder when 20550 is divided by 10273?
4
Calculate the remainder when 1375 is divided by 451.
22
Calculate the remainder when 132429 is divided by 124.
121
What is the remainder when 944 is divided by 183?
29
Calculate the remainder when 88551 is divided by 547.
484
What is the remainder when 16975 is divided by 48?
31
Calculate the remainder when 3394 is divided by 708.
562
Calculate the remainder when 726051 is divided by 21.
18
Calculate the remainder when 2610 is divided by 742.
384
Calculate the remainder when 857 is divided by 206.
33
Calculate the remainder when 51392 i